{"id":30,"date":"2016-02-02T14:01:19","date_gmt":"2016-02-02T13:01:19","guid":{"rendered":"http:\/\/villa-maria.com.hr\/wp\/?page_id=30"},"modified":"2016-02-09T13:22:27","modified_gmt":"2016-02-09T12:22:27","slug":"otok-vir","status":"publish","type":"page","link":"https:\/\/villa-maria.com.hr\/de\/otok-vir\/","title":{"rendered":"Insel Vir"},"content":{"rendered":"<p>Die Insel Vir ist etwa 26 km von Zadar entfernt und ist seit 1976 durch eine Br\u00fccke mit dem Festland verbunden. Die wundersch\u00f6ne und zum Teil noch unber\u00fchrte Inselk\u00fcste verf\u00fcgt \u00fcber kleine Buchten und Sandstr\u00e4nde mit kristallklarem Wasser.<\/p>\n<p>An vielen Stellen ist das Meer an der K\u00fcste entlang seicht und ideal f\u00fcr Familien mit kleinen Kindern, die in Untiefen des Meereswassers sorgenlos spielen k\u00f6nnen. Dieses Gebiet eignet sich insbesondere f\u00fcr Windsurfing, w\u00e4hrend die steinerne K\u00fcste im \u00f6stlichen Teil der Insel reich an der Meeresflora und -fauna ist und deshalb ein attraktives Tauchergebiet f\u00fcr die Liebhaber der Meerestiefen darstellt.<\/p>\n<p>&nbsp;<\/p>\n<p><iframe loading=\"lazy\" style=\"border: 0;\" src=\"https:\/\/www.google.com\/maps\/embed?pb=!1m13!1m11!1m3!1d40155.50676216309!2d15.079095983647615!3d44.298127882765655!2m2!1f0!2f0!3m2!1i1024!2i768!4f13.1!5e1!3m2!1shr!2sus!4v1454857081244\" width=\"100%\" height=\"450\" frameborder=\"0\" allowfullscreen=\"allowfullscreen\"><\/iframe><\/p>\n<p>\n\t\t<style type=\"text\/css\">\n\t\t\t#gallery-3 {\n\t\t\t\tmargin: auto;\n\t\t\t}\n\t\t\t#gallery-3 .gallery-item {\n\t\t\t\tfloat: left;\n\t\t\t\tmargin-top: 10px;\n\t\t\t\ttext-align: center;\n\t\t\t\twidth: 16%;\n\t\t\t}\n\t\t\t#gallery-3 img {\n\t\t\t\tborder: 2px solid #cfcfcf;\n\t\t\t}\n\t\t\t#gallery-3 .gallery-caption {\n\t\t\t\tmargin-left: 0;\n\t\t\t}\n\t\t\t\/* see gallery_shortcode() in wp-includes\/media.php *\/\n\t\t<\/style>\n\t\t<div id='gallery-3' class='gallery galleryid-30 gallery-columns-6 gallery-size-thumbnail'><dl class='gallery-item'>\n\t\t\t<dt class='gallery-icon landscape'>\n\t\t\t\t<a href='https:\/\/villa-maria.com.hr\/wp-content\/uploads\/2016\/02\/featured_2.jpg'><img width=\"150\" height=\"150\" src=\"https:\/\/villa-maria.com.hr\/wp-content\/uploads\/2016\/02\/featured_2-150x150.jpg\" class=\"attachment-thumbnail size-thumbnail\" alt=\"\" loading=\"lazy\" \/><\/a>\n\t\t\t<\/dt><\/dl><dl class='gallery-item'>\n\t\t\t<dt class='gallery-icon landscape'>\n\t\t\t\t<a href='https:\/\/villa-maria.com.hr\/wp-content\/uploads\/2016\/02\/slider4.jpg'><img width=\"150\" height=\"150\" src=\"https:\/\/villa-maria.com.hr\/wp-content\/uploads\/2016\/02\/slider4-150x150.jpg\" class=\"attachment-thumbnail size-thumbnail\" alt=\"\" loading=\"lazy\" \/><\/a>\n\t\t\t<\/dt><\/dl><dl class='gallery-item'>\n\t\t\t<dt class='gallery-icon landscape'>\n\t\t\t\t<a href='https:\/\/villa-maria.com.hr\/wp-content\/uploads\/2016\/02\/slider3.jpg'><img width=\"150\" height=\"150\" src=\"https:\/\/villa-maria.com.hr\/wp-content\/uploads\/2016\/02\/slider3-150x150.jpg\" class=\"attachment-thumbnail size-thumbnail\" alt=\"\" loading=\"lazy\" \/><\/a>\n\t\t\t<\/dt><\/dl><dl class='gallery-item'>\n\t\t\t<dt class='gallery-icon portrait'>\n\t\t\t\t<a href='https:\/\/villa-maria.com.hr\/wp-content\/uploads\/2016\/02\/tela6.jpg'><img width=\"150\" height=\"150\" src=\"https:\/\/villa-maria.com.hr\/wp-content\/uploads\/2016\/02\/tela6-150x150.jpg\" class=\"attachment-thumbnail size-thumbnail\" alt=\"\" loading=\"lazy\" srcset=\"https:\/\/villa-maria.com.hr\/wp-content\/uploads\/2016\/02\/tela6-150x150.jpg 150w, https:\/\/villa-maria.com.hr\/wp-content\/uploads\/2016\/02\/tela6-298x300.jpg 298w, https:\/\/villa-maria.com.hr\/wp-content\/uploads\/2016\/02\/tela6-768x773.jpg 768w, https:\/\/villa-maria.com.hr\/wp-content\/uploads\/2016\/02\/tela6-1017x1024.jpg 1017w, https:\/\/villa-maria.com.hr\/wp-content\/uploads\/2016\/02\/tela6.jpg 1200w\" sizes=\"(max-width: 150px) 100vw, 150px\" \/><\/a>\n\t\t\t<\/dt><\/dl><dl class='gallery-item'>\n\t\t\t<dt class='gallery-icon landscape'>\n\t\t\t\t<a href='https:\/\/villa-maria.com.hr\/wp-content\/uploads\/2016\/02\/boat2.png'><img width=\"150\" height=\"150\" src=\"https:\/\/villa-maria.com.hr\/wp-content\/uploads\/2016\/02\/boat2-150x150.png\" class=\"attachment-thumbnail size-thumbnail\" alt=\"\" loading=\"lazy\" \/><\/a>\n\t\t\t<\/dt><\/dl><dl class='gallery-item'>\n\t\t\t<dt class='gallery-icon landscape'>\n\t\t\t\t<a href='https:\/\/villa-maria.com.hr\/wp-content\/uploads\/2016\/02\/pag_fortica.png'><img width=\"150\" height=\"150\" src=\"https:\/\/villa-maria.com.hr\/wp-content\/uploads\/2016\/02\/pag_fortica-150x150.png\" class=\"attachment-thumbnail size-thumbnail\" alt=\"\" loading=\"lazy\" \/><\/a>\n\t\t\t<\/dt><\/dl><br style=\"clear: both\" \/>\n\t\t<\/div>\n<\/p>","protected":false},"excerpt":{"rendered":"<p>Die Insel Vir ist etwa 26 km von Zadar entfernt und ist seit 1976 durch eine Br\u00fccke mit dem Festland verbunden. Die wundersch\u00f6ne und zum Teil noch unber\u00fchrte Inselk\u00fcste verf\u00fcgt <a class=\"more-link\" href=\"https:\/\/villa-maria.com.hr\/de\/otok-vir\/\">Continue Reading \u2192<\/a><\/p>\n","protected":false},"author":1,"featured_media":296,"parent":0,"menu_order":0,"comment_status":"closed","ping_status":"closed","template":"","meta":[],"_links":{"self":[{"href":"https:\/\/villa-maria.com.hr\/de\/wp-json\/wp\/v2\/pages\/30"}],"collection":[{"href":"https:\/\/villa-maria.com.hr\/de\/wp-json\/wp\/v2\/pages"}],"about":[{"href":"https:\/\/villa-maria.com.hr\/de\/wp-json\/wp\/v2\/types\/page"}],"author":[{"embeddable":true,"href":"https:\/\/villa-maria.com.hr\/de\/wp-json\/wp\/v2\/users\/1"}],"replies":[{"embeddable":true,"href":"https:\/\/villa-maria.com.hr\/de\/wp-json\/wp\/v2\/comments?post=30"}],"version-history":[{"count":0,"href":"https:\/\/villa-maria.com.hr\/de\/wp-json\/wp\/v2\/pages\/30\/revisions"}],"wp:featuredmedia":[{"embeddable":true,"href":"https:\/\/villa-maria.com.hr\/de\/wp-json\/wp\/v2\/media\/296"}],"wp:attachment":[{"href":"https:\/\/villa-maria.com.hr\/de\/wp-json\/wp\/v2\/media?parent=30"}],"curies":[{"name":"wp","href":"https:\/\/api.w.org\/{rel}","templated":true}]}}

<p>Die Insel Vir ist etwa 26 km von Zadar entfernt und ist seit 1976 durch eine Brücke mit dem Festland verbunden. Die wunderschöne und zum Teil noch unberührte Inselküste verfügt über kleine Buchten und Sandstrände mit kristallklarem Wasser.</p>
<p>An vielen Stellen ist das Meer an der Küste entlang seicht und ideal für Familien mit kleinen Kindern, die in Untiefen des Meereswassers sorgenlos spielen können. Dieses Gebiet eignet sich insbesondere für Windsurfing, während die steinerne Küste im östlichen Teil der Insel reich an der Meeresflora und -fauna ist und deshalb ein attraktives Tauchergebiet für die Liebhaber der Meerestiefen darstellt.</p>
<p>&nbsp;</p>
<p><iframe loading="lazy" style="border: 0;" src="https://www.google.com/maps/embed?pb=!1m13!1m11!1m3!1d40155.50676216309!2d15.079095983647615!3d44.298127882765655!2m2!1f0!2f0!3m2!1i1024!2i768!4f13.1!5e1!3m2!1shr!2sus!4v1454857081244" width="100%" height="450" frameborder="0" allowfullscreen="allowfullscreen"></iframe></p>
<p>
		<style type="text/css">
			#gallery-3 {
				margin: auto;
			}
			#gallery-3 .gallery-item {
				float: left;
				margin-top: 10px;
				text-align: center;
				width: 16%;
			}
			#gallery-3 img {
				border: 2px solid #cfcfcf;
			}
			#gallery-3 .gallery-caption {
				margin-left: 0;
			}
			/* see gallery_shortcode() in wp-includes/media.php */
		</style>
		<div id='gallery-3' class='gallery galleryid-30 gallery-columns-6 gallery-size-thumbnail'><dl class='gallery-item'>
			<dt class='gallery-icon landscape'>
				<a href='https://villa-maria.com.hr/wp-content/uploads/2016/02/featured_2.jpg'><img width="150" height="150" src="https://villa-maria.com.hr/wp-content/uploads/2016/02/featured_2-150x150.jpg" class="attachment-thumbnail size-thumbnail" alt="" loading="lazy" /></a>
			</dt></dl><dl class='gallery-item'>
			<dt class='gallery-icon landscape'>
				<a href='https://villa-maria.com.hr/wp-content/uploads/2016/02/slider4.jpg'><img width="150" height="150" src="https://villa-maria.com.hr/wp-content/uploads/2016/02/slider4-150x150.jpg" class="attachment-thumbnail size-thumbnail" alt="" loading="lazy" /></a>
			</dt></dl><dl class='gallery-item'>
			<dt class='gallery-icon landscape'>
				<a href='https://villa-maria.com.hr/wp-content/uploads/2016/02/slider3.jpg'><img width="150" height="150" src="https://villa-maria.com.hr/wp-content/uploads/2016/02/slider3-150x150.jpg" class="attachment-thumbnail size-thumbnail" alt="" loading="lazy" /></a>
			</dt></dl><dl class='gallery-item'>
			<dt class='gallery-icon portrait'>
				<a href='https://villa-maria.com.hr/wp-content/uploads/2016/02/tela6.jpg'><img width="150" height="150" src="https://villa-maria.com.hr/wp-content/uploads/2016/02/tela6-150x150.jpg" class="attachment-thumbnail size-thumbnail" alt="" loading="lazy" srcset="https://villa-maria.com.hr/wp-content/uploads/2016/02/tela6-150x150.jpg 150w, https://villa-maria.com.hr/wp-content/uploads/2016/02/tela6-298x300.jpg 298w, https://villa-maria.com.hr/wp-content/uploads/2016/02/tela6-768x773.jpg 768w, https://villa-maria.com.hr/wp-content/uploads/2016/02/tela6-1017x1024.jpg 1017w, https://villa-maria.com.hr/wp-content/uploads/2016/02/tela6.jpg 1200w" sizes="(max-width: 150px) 100vw, 150px" /></a>
			</dt></dl><dl class='gallery-item'>
			<dt class='gallery-icon landscape'>
				<a href='https://villa-maria.com.hr/wp-content/uploads/2016/02/boat2.png'><img width="150" height="150" src="https://villa-maria.com.hr/wp-content/uploads/2016/02/boat2-150x150.png" class="attachment-thumbnail size-thumbnail" alt="" loading="lazy" /></a>
			</dt></dl><dl class='gallery-item'>
			<dt class='gallery-icon landscape'>
				<a href='https://villa-maria.com.hr/wp-content/uploads/2016/02/pag_fortica.png'><img width="150" height="150" src="https://villa-maria.com.hr/wp-content/uploads/2016/02/pag_fortica-150x150.png" class="attachment-thumbnail size-thumbnail" alt="" loading="lazy" /></a>
			</dt></dl><br style="clear: both" />
		</div>
</p>

<p>Die Insel Vir ist etwa 26 km von Zadar entfernt und ist seit 1976 durch eine Brücke mit dem Festland verbunden. Die wunderschöne und zum Teil noch unberührte Inselküste verfügt <a class="more-link" href="https://villa-maria.com.hr/de/otok-vir/">Continue Reading →</a></p>
